n factor of 91523 and f?
19
Suppose -21 - 45 = -6*z. Let k = z + -7. Suppose 4*y - 3*y = 5*u - 38, -5*y - 22 = -4*u. Calculate the greatest common divisor of k and u.
4
Let a be ((-11)/88)/(1/(-10)) + (-7)/(-4). What is the highest common factor of a and 24?
3
Suppose 730*y - 1503 = 212*y + 51. What is the greatest common factor of 24 and y?
3
Let f be 3/2*(80/12 + 0). Suppose -f*g + 63 = -g. Suppose 2*b + 3 = g. What is the greatest common divisor of b and 4?
2
Let y = -308 + 291. Let u(h) = -h - 11. Let b be u(y). What is the greatest common divisor of 24 and b?
6
Let p = -1659 - -2151. What is the highest common divisor of 615 and p?
123
Let p be -137 + 5 + -8 + 2. Let m = p - -165. What is the greatest common divisor of 63 and m?
9
Suppose 0 = -3*o - 12, -24*c - o = -19*c - 5286. What is the greatest common divisor of 138 and c?
46
Let k(v) = -2*v - 10. Let n be k(-6). Suppose -6*p + 43 = d - p, 5*d - 169 = -n*p. Suppose -6*i = -3*i - d. What is the greatest common factor of i and 88?
11
Let s = 93 - 90. Let j be (-2 + 30/s)*(-3)/(-6). Let c(f) = -3*f + 18. Let h be c(j). What is the greatest common factor of 3 and h?
3
Let m(n) = 8*n - 16. Let c be m(2). Suppose c = s - 16*s. Suppose 6*l + l - 196 = s. Calculate the greatest common divisor of l and 308.
28
Let j = -1107 - -1121. Let s(a) = a**2 - a + 2. Let i be s(11). Calculate the greatest common divisor of j and i.
14
Let r = 125 + 40. Suppose -37 = 3*k + 4*b - r, 2*k - 93 = 5*b. What is the greatest common factor of 8 and k?
4
Let u = -186 - -199. Suppose 8 = -3*i + 905. What is the greatest common factor of u and i?
13
Suppose 56 = p + 7*p. Suppose 55 - 118 = -p*z. Calculate the greatest common divisor of 81 and z.
9
Let t = 76 - 74. Suppose -f = -t*f + 148. Let i = f + -73. What is the greatest common divisor of i and 30?
15
Let s(c) be the second derivative of -c**5/20 + 19*c**4/6 + 7*c**3/3 - 122*c**2 + 52*c - 2. Let w be s(38). What is the highest common divisor of w and 24?
24
Suppose 5*i + 1561 - 32277 = -4*z, -i = -3*z - 6147. Calculate the greatest common factor of i and 36.
12
Suppose 23 = -12*r + 383. Suppose 0 = -2*p - p + 135. Calculate the highest common factor of p and r.
15
Let f be (-81)/(-6)*(-12)/(-9). Suppose 82 + 80 = f*d. Calculate the highest common factor of d and 261.
9
Let j be (-280)/42*(3/(-2))/1. Suppose -7*h + y - 99 = -j*h, -3*h - 4*y = -90. What is the highest common divisor of h and 187?
17
Let q be 9*32/72 + (-3617)/2*-2. Calculate the highest common factor of q and 153.
51
Suppose -1376 = -62*i + 5568. What is the highest common divisor of 432 and i?
16
Let z(x) = 7*x**2 + 14*x + 10. Let m be z(13). Suppose i = -10*i + m. What is the greatest common divisor of i and 50?
25
Suppose 8*j - 7*j + b - 7 = 0, -2*j - 3*b + 9 = 0. Calculate the greatest common factor of 20172 and j.
12
Suppose d + 3*j - 3214 = 2855, -5*d + 5*j = -30325. What is the greatest common factor of d and 18?
18
Suppose 4*n + 36 - 48 = 0. Suppose 0 = 4*k - 2*c + 26, -c + n*c = -5*k - 28. Let r be k/(-1)*(-20)/(-8). What is the greatest common factor of r and 3?
3
Suppose -4*c - p + 15 = 0, -4*c - 7*p + 1 = -8*p. What is the greatest common divisor of c and 2026?
2
Let z be (-3 - (-100)/12)/((-10)/(-15)). Suppose -z*v = v - 72. Let g be (-6)/v + (-7)/(-4). Calculate the greatest common factor of g and 5.
1
Let p be 20178/76 - (-3)/(-2). Suppose -3*w = -22*w + 456. What is the greatest common factor of w and p?
24
Suppose 8*w - 697 = 3*w - 3*n, -3*w + 427 = 4*n. Suppose -w*b + 27 = -134*b. What is the greatest common factor of b and 1?
1
Let y be 13728/28 - (-2)/(-7). Let a be (-84)/10*(-45)/27. Calculate the greatest common factor of a and y.
14
Let i = 236 - 185. Suppose 30*k - 21*k = 4131. Calculate the highest common factor of i and k.
51
Let d = 64 - 38. Suppose -72*u + 121 = -23. What is the highest common divisor of u and d?
2
Suppose -11*q - 6 = -12*q. Let m be (10 - 15 - -56)*4/q. Calculate the highest common factor of 306 and m.
34
Let t(k) = 461*k - 412. Let o be t(2). Calculate the greatest common divisor of 612 and o.
102
Suppose -4*d = -2*p + 248, 3*p - 100 = 3*d + 290. What is the highest common divisor of 9010 and p?
34
Let c be 42/9*(-1722)/(-7). What is the highest common factor of 28 and c?
28
Let k(z) = z + 12. Let l(g) = -3*g - 12. Let b(s) = 2*k(s) + 3*l(s). Let n be b(-6). What is the greatest common factor of 165 and n?
15
Let u be (-6)/(-4)*(313 - 307). Calculate the highest common factor of 5337 and u.
9
Let j = -9069 - -10317. What is the greatest common divisor of j and 216?
24
Let x be (2 + -5)*(-2976)/36. Let u = x - 218. What is the greatest common divisor of 90 and u?
30
Let v(w) = -3*w**3 + 4*w**2 - 2*w. Let j be v(-4). Let q(o) = 182*o + 12. Let z be q(0). Calculate the highest common divisor of z and j.
12
Let i be 1/(-2)*(2 - 2). Suppose -4*k + 118 - 2 = i. Let f(g) = 12*g**2 + 37*g - 103. Let b be f(3). What is the greatest common divisor of b and k?
29
Suppose -g = 2*p - 0*g - 17663, 0 = p - 3*g - 8856. Calculate the highest common factor of p and 114.
57
Let v be 1 + -1 + (0 - -70). Suppose -218*s + 274*s - 710 - 410 = 0. What is the greatest common divisor of s and v?
10
Suppose 0 = v - 5*t - 24, -t = 5*v + 15 - 83. Calculate the highest common divisor of v and 3990.
14
Let o(n) = 2*n + 10. Let d be o(5). Let q(g) = 2 + g + d*g + 25. Let m be q(12). Calculate the greatest common factor of m and 31.
31
Let f(b) = -b**2 + 50*b - 7. Let p(t) = -t**2 + 51*t - 7. Let k(z) = 3*f(z) - 2*p(z). Let l be k(36). What is the greatest common divisor of l and 17?
17
Let p = 1838 + -1593. Let f be ((-10)/8)/((-2)/112). What is the greatest common divisor of p and f?
35
Let l be -5*((-96)/20 - -4). Suppose -2*z + l*v + 95 = -5*z, -z + 2*v - 15 = 0. Let y = 2 - z. Calculate the greatest common factor of 9 and y.
9
Let j(g) = g**2 - 14*g - 55. Let x be j(-5). Suppose -q - 35 + x = 0. What is the greatest common divisor of q and 265?
5
Let y(a) = 9*a**2 - 20*a + 50. Let m be y(3). Suppose 4*j + 5*c = m + 78, 179 = 5*j - c. What is the highest common divisor of j and 198?
18
Let r = 18 + -26. Let y be ((-56)/(-5))/(r/(-20)). Suppose -3*n - 20 = -p, -4*p + 8*p + n = y. Calculate the greatest common divisor of 40 and p.
8
Suppose 576 = 77*c - 61*c. Let n = 1 + 5. Suppose 0 = -2*u + n*u - 16. Calculate the greatest common divisor of u and c.
4
Let c be 2*(123/6 + -2). Suppose 31*n - 49 = 13. Suppose 3*y = n*z - 83, -6*z + 2*z = -4*y - 160. What is the highest common factor of z and c?
37
Let u = 50 - -446. Calculate the highest common divisor of 592 and u.
16
Suppose 1331 = -4*b - 3*k, 0 = -4*k + k + 9. Let f = -295 - b. What is the highest common divisor of 640 and f?
40
Suppose -4*u + 4261 = 5*d, -2*u = -u - 5*d - 1059. What is the highest common factor of u and 608?
152
Suppose -4120*o + 4123*o + 3 = 0, 0 = i + o - 1119. What is the greatest common divisor of 8 and i?
8
Let s be 1/11 + (-132255)/(-99). Let p = s - 762. Calculate the highest common factor of p and 14.
14
Let s(b) = 4*b**2 - 10*b + 1. Let r be s(3). Suppose 3*c - r = 8. Let n be (-6)/c*(-245)/14. Calculate the highest common factor of 14 and n.
7
Suppose 0 = -4*x - d + 6, 5*d + 13 - 3 = 0. Let j = 18 + -14. Suppose -g + j + 0 = 0. Calculate the highest common divisor of x and g.
2
Suppose 38*n - 1155 = 35*n. Let d = -10 + 9. Let o(m) = -36*m - 1. Let u be o(d). Calculate the highest common factor of u and n.
35
Let f(s) = 6*s**3 - 9*s**2 - s + 10. Let p be f(6). Calculate the highest common divisor of p and 610.
122
Suppose 22 = 5*f + 2, -4*l + f + 360 = 0. Suppose 13*g - 51 = -2*j + 10*g, 4*j - 96 = -4*g. What is the highest common factor of j and l?
7
Let d be 2/(35/(-525)*6/(-17)). What is the highest common factor of d and 765?
85
Let s(p) = -4 + 38*p + 3 - 25*p - 21*p - p**2. Let x be s(-6). Let v = 13 - 2. What is the greatest common factor of x and v?
11
Suppose 2*p + m = 330, 3*m + m = 4*p - 660. Calculate the greatest common factor of p and 50.
5
Let k be 6 + 2/1 + -1. Let c(p) = -p + 42. Let x be c(2). Suppose -k*j + 8*j - x = 0. Calculate the highest common factor of j and 20.
20
Suppose -o + 14272 = 3*o - 4*u, 2*o - 4*u = 7144. What is the greatest common factor of 27 and o?
27
Suppos